03
In base 9, what is 125584 + -3627?
121856
In base 3, what is 2001 - -2110121010002?
2110121012010
In base 15, what is 55 - -321ead?
322013
In base 13, what is 55 - -5a886?
5a90b
In base 15, what is -387 - -3d4a?
39b3
In base 14, what is -c943a - -10?
-c942a
In base 14, what is b346d5 - -18?
b3470d
In base 10, what is -267 - 1766067?
-1766334
In base 4, what is -10 - 10330232010?
-10330232020
In base 14, what is -24c - 16b?
-3b9
In base 13, what is 48 - -62c6a1?
62c719
In base 3, what is 100202112020102 + -200?
100202112012202
In base 4, what is -122011 - 222111?
-1010122
In base 9, what is 28200 + -422?
27667
In base 4, what is -233 + -210311133113?
-210311200012
In base 11, what is 4991433 - 3?
4991430
In base 4, what is -1010301 - 113030?
-1123331
In base 4, what is 1 - -1213323212323?
1213323212330
In base 6, what is 12223 + 12302?
24525
In base 8, what is -26413135 - 52?
-26413207
In base 4, what is 123 - 310113133220?
-310113133031
In base 7, what is 135502223 - -152?
135502405
In base 16, what is -58 - -48bc1?
48b69
In base 15, what is -3 + -2807de?
-2807e2
In base 11, what is 2077313a + 0?
2077313a
In base 7, what is -4234246304 + -10?
-4234246314
In base 11, what is 6091086 - -4?
609108a
In base 14, what is 77 - a4989?
-a4912
In base 15, what is 1201 + 34?
1235
In base 4, what is -202332203 + -2032?
-203000301
In base 3, what is -10 + -10100011220100211?
-10100011220100221
In base 14, what is 19b41 + c26?
1a967
In base 4, what is -10012 + -1331033?
-2001111
In base 13, what is 1220aca - -4?
1220b01
In base 13, what is -1 + 233337a?
2333379
In base 10, what is 13 - 501712?
-501699
In base 15, what is 1ec + -20ddd?
-20be1
In base 9, what is 3 + -255323?
-255320
In base 3, what is -1012101 - -22012210121?
22011121020
In base 5, what is -142320304 - 1340?
-142322144
In base 10, what is 1 + 15150165?
15150166
In base 6, what is 124210 + -5040?
115130
In base 15, what is -50ad6 - 53?
-50b39
In base 10, what is -785495928 - 1?
-785495929
In base 16, what is e - -ecda6?
ecdb4
In base 6, what is -5 - 121121203?
-121121212
In base 15, what is b20e - 1a7?
b057
In base 5, what is 2 + 11204400332?
11204400334
In base 14, what is -2728b6 - b?
-2728c3
In base 15, what is -d05ce0 + 4?
-d05cdb
In base 8, what is -12 + 160231666?
160231654
In base 5, what is 231 - -13213330?
13214111
In base 2, what is -100000001000010110100011111 - -1?
-100000001000010110100011110
In base 4, what is 2303 - -22032020200?
22032023103
In base 10, what is 2 + 9692642?
9692644
In base 14, what is -12a40c4 - 41?
-12a4125
In base 8, what is 142 - -561237?
561401
In base 15, what is 3268 + -1cbe1?
-19978
In base 12, what is -228426 - 54?
-22847a
In base 3, what is -121 + -100010202100020?
-100010202100211
In base 4, what is -3210212110 - -3030?
-3210203020
In base 16, what is 100e4e - 5?
100e49
In base 16, what is 294c - 212f?
81d
In base 7, what is 136503 + -105035?
31435
In base 9, what is 3776 - 737?
3038
In base 15, what is 2a3b597 + 1?
2a3b598
In base 13, what is 218b8 + -c?
218a9
In base 12, what is -59 - 57216?
-57273
In base 16, what is 5b74b + -22?
5b729
In base 14, what is -3 - -c6b64c?
c6b649
In base 9, what is 16 - -14464802?
14464818
In base 16, what is -1 - e3741?
-e3742
In base 12, what is -48877a + 11?
-488769
In base 15, what is -22495 - -3b?
-22459
In base 6, what is -325 - 34054?
-34423
In base 13, what is 7196 + 47?
7210
In base 3, what is 1211000 - -1100100200?
1102011200
In base 11, what is 430 - 10a68?
-10638
In base 5, what is -40101104 - -2?
-40101102
In base 8, what is 567524 - -765?
570511
In base 12, what is -5313b62 - -21?
-5313b41
In base 14, what is -4c - 6261c?
-6266a
In base 14, what is 660d7 - -783?
6687a
In base 4, what is 10 + 10110232230?
10110232300
In base 8, what is 27 - 3027?
-3000
In base 2, what is 1110101101100010100101101 - 101?
1110101101100010100101000
In base 12, what is 48b7b - 33b?
48840
In base 3, what is -101220111 - 220012?
-102210200
In base 11, what is 137 - -1638889?
1638a15
In base 15, what is -423c6 + 51?
-42375
In base 12, what is 5247607 - 3?
5247604
In base 4, what is -120300202212 - 23?
-120300202301
In base 8, what is 13573624 + 2?
13573626
In base 8, what is -267757 + 114?
-267643
In base 16, what is 4 + b825ed?
b825f1
In base 11, what is 12670 + -47?
12624
In base 8, what is -4 - -1116322275?
1116322271
In base 5, what is -10 - 10004433134?
-10004433144
In base 16, what is -788676 - -c?
-78866a
In base 10, what is -3 + 131635633?
131635630
In base 15, what is -36a83c1 - -2?
-36a83be
In base 7, what is 1102 - -226520?
230622
In base 5, what is 12011220324004 - 2?
12011220324002
In base 9, what is 6851 + 121264?
128225
In base 5, what is 124 - -11310143?
11310322
In base 4, what is -11331220033 + 11?
-11331220022
In base 5, what is -4 + 11430400202?
11430400143
In base 14, what is -3034b44 + 20?
-3034b24
In base 4, what is 12002210300200 + -10?
12002210300130
In base 14, what is 335a46c + 3?
335a471
In base 6, what is -15044450021 - 0?
-15044450021
In base 2, what is -1101111001 - 100101100111?
-110011100000
In base 5, what is -3 - -10032041311?
10032041303
In base 11, what is 115757 + -43?
115714
In base 4, what is -11311 + -303101223?
-303113200
In base 2, what is -10110000 - 10111101011001110?
-10111101101111110
In base 9, what is -22742 - -1008?
-21733
In base 12, what is 8 + -24a31a?
-24a312
In base 4, what is 2 - -2020230300100?
2020230300102
In base 5, what is 11 - -33133132202?
33133132213
In base 9, what is -5 + 14118613?
14118607
In base 16, what is 93 + 34d632?
34d6c5
In base 3, what is 10020000 + 122011200?
202101200
In base 2, what is -1011000001010 - 1100010101000?
-10111010110010
In base 6, what is -220 + -10231445?
-10232105
In base 10, what is 9925 + -6500?
3425
In base 6, what is -25253 + 44221?
14524
In base 4, what is 10022231302 - 20?
10022231222
In base 13, what is 336 + 2c88a?
2cbc3
In base 10, what is -519922 - 165?
-520087
In base 14, what is 3 + 943a32?
943a35
In base 7, what is 20360342 - 6?
20360333
In base 4, what is 2223310301311 + -3?
2223310301302
In base 11, what is 26420 + -188?
26243
In base 6, what is 130431453 - 2?
130431451
In base 14, what is d + 137933?
137942
In base 14, what is 7 - c6aa42?
-c6aa39
In base 2, what is -1011100000100101 - -1010101010?
-1011010101111011
In base 6, what is 25312514 + 143?
25313101
In base 13, what is 1391877 - 8?
139186c
In base 6, what is -224224 + -5344?
-234012
In base 8, what is 255113172 - 3?
255113167
In base 5, what is 1141 - 10042103?
-10040412
In base 9, what is 55 + -213733?
-213667
In base 13, what is -61 - 28000?
-28061
In base 9, what is 6336 + 1062?
7408
In base 11, what is 2 + -7a4366?
-7a4364
In base 10, what is -27662358 + 1?
-27662357
In base 3, what is 121100001112220 - -12?
121100001120002
In base 7, what is 6553 + 5430?
15313
In base 3, what is -121 - -111101102000222?
111101102000101
In base 7, what is -220 + 31260312?
31260062
In base 9, what is -3868758 + 7?
-3868751
In base 8, what is -61 + -7354340?
-7354421
In base 10, what is 151770292 - 5?
151770287
In base 9, what is 10730310 + -2?
10730307
In base 13, what is 262261 + b?
26226c
In base 15, what is -3c4516 - -3?
-3c4513
In base 6, what is 404041134 - -115?
404041253
In base 4, what is 32121 - 1301202?
-1203021
In base 6, what is -23 - 1231405055?
-1231405122
In base 14, what is c59 - 838?
421
In base 3, what is 1111012221 + 101101?
1111121022
In base 9, what is 2854524 + 5?
2854530
In base 13, what is 1b + 16222?
16240
In base 8, what is 0 - 31104271?
-31104271
In base 9, what is -175 + 183877?
183702
In base 2, what is -111001010101110 - 1010010?
-111001100000000
In base 7, what is 2521164 + 2?
2521166
In base 3, what is -1222 + 221000020121?
221000011122
In base 9, what is -38 + 1614217?
1614168
In base 3, what is 20112001 - -1121020?
22010021
In base 7, what is -1 - -510201046?
510201045
In base 6, what is -12 - -10543135?
10543123
In base 2, what is -100100000011110000 + -1011011?
-100100000101001011
In base 10, what is 9399344 + 0?
9399344
In base 3, what is -20222102122021 - -210?
-20222102121111
In base 15, what is -68c8c - -25?
-68c67
In base 11, what is -2a + -4635772?
-46357a1
In base 13, what is 396 + 2591?
2957
In base 2, what is 1100001 + -11011